hat is the remainder when r is divided by 31?
30
Suppose -61 = 4*i + 251. Let t = i - -112. Let a = 10 + 2. Calculate the remainder when t is divided by a.
10
Let l(q) = q**2 - 40*q - 290. Calculate the remainder when 464 is divided by l(48).
88
What is the remainder when 161 is divided by (54/10)/(4/20)?
26
Suppose 2*u + u + 3*a = 12, 3*u + 5*a - 16 = 0. Suppose k - u*v = 3*v, k + v - 24 = 0. What is the remainder when k is divided by 7?
6
Suppose -2*p - 4*a + 0*a = -104, -2*a - 296 = -5*p. Suppose -2*z = -3 - 37. Suppose 4*h - z = 3*h. What is the remainder when p is divided by h?
18
Suppose 0 = -39*u + 110*u - 639. Calculate the remainder when 35 is divided by u.
8
Let r = -1773 - -1797. What is the remainder when (-1 - -118) + -1 + 2 is divided by r?
22
Suppose -4*s - 5 = 31. Calculate the remainder when -2 + 13 + (-27)/s is divided by 5.
4
Let c = 207 - 146. Suppose -5*n = -3*b - 4*n + c, 86 = 4*b + n. Let s = 6 + b. What is the remainder when s is divided by 10?
7
Let x = 16 + -7. Let u(q) = -q**2 - 7*q - 3. Let w be u(-3). Suppose -w*n + 45 = -6*n. Calculate the remainder when n is divided by x.
6
Let f = 2317 - 2294. What is the remainder when 4231 is divided by f?
22
Suppose -5*t = -4*t - 4*q - 16, t = -2*q + 22. Let a = -7 + 1. Let f = a - -13. Calculate the remainder when t is divided by f.
6
Let k(l) = -6*l**3 - l**2 - l - 1. Let v be k(-2). Suppose 4*m + 5*m = v. Calculate the remainder when 13 is divided by m.
3
Let p be ((-6)/9)/(1/(-3)). Suppose m = -4*j + 10, -p*j = -0*j + 3*m - 10. Suppose -3*k = -44 + j. What is the remainder when k is divided by 4?
2
What is the remainder when 46 is divided by (-14 - -12)*14/(-4)?
4
Let s(l) = -l**3 + 6*l**2 + 27*l + 27. Calculate the remainder when 133 is divided by s(9).
25
Let z(r) = -r**3 - 14*r**2 - 37*r + 3. Calculate the remainder when z(-3) is divided by 11.
4
Let l(r) = 16*r**2 + 1. Suppose 4*o - 6*o = -12. What is the remainder when l(1) is divided by o/2 + 6 + 1?
7
Let m be (442/52)/(2/12). Let s = m - 47. Let t = 23 + -13. What is the remainder when t is divided by s?
2
Let h = 58 - 106. Let s be (h/(-10))/(12/30). Calculate the remainder when 42 is divided by 11 + 0*3/s.
9
Let t(y) = y + 186. What is the remainder when t(-9) is divided by 12?
9
Suppose 5*k - 3*o - 281 = 0, -2*o = k - 39 - 25. What is the remainder when k is divided by 45?
13
Let u(s) = -s**2 - 10*s - 9. Suppose 0 = -3*z + 24 - 3. What is the remainder when u(-7) is divided by z?
5
Suppose 113*y - 1618 = 755. Calculate the remainder when (1 - 157)/(6/(-4)) is divided by y.
20
Let h(g) = -3*g**3 - 3*g**2 + 6*g + 10. Let j be h(-4). Suppose 4*x + j = 2*c, c = -2*c + 4*x + 185. What is the remainder when c is divided by 19?
17
Suppose -f + 39 = -4*g, -2*f = -3*f + 3*g + 35. Calculate the remainder when f is divided by 13.
10
Let s be (6 - 20/5) + -99. Let d = s - -133. What is the remainder when 70 is divided by d?
34
Suppose 2*x = x + 59. What is the remainder when x is divided by 2/((8 + -11)/9) + (36 - -1)?
28
Let y(l) = -l**2 + 2*l + 18. Let k be y(5). Suppose k*i - 17 - 28 = 0. What is the remainder when 74 is divided by i?
14
Suppose 5*b + v - 392 = 0, -v + 76 = 2*b - 82. Calculate the remainder when b is divided by 22/(-198) + (-181)/(-9).
18
Calculate the remainder when 211 is divided by 2 - (-7)/((-7)/(-22)).
19
Let c = -1996 - -2425. Calculate the remainder when c is divided by 110.
99
Let p(f) = -f**3 - f**2 + f - 2. Let n be (10/(-6) + 1)*-72. Let t = 85 - n. Calculate the remainder when t is divided by p(-3).
11
Let n(s) = -s**2 - 14*s - 17. What is the remainder when 122 is divided by n(-6)?
29
Let h(l) = l**2 - 26*l + 27. What is the remainder when 32 is divided by h(26)?
5
Let l = 8 + -3. Let q(g) = 3*g - 4. Suppose 4*o - 118 = -42. Calculate the remainder when o is divided by q(l).
8
Suppose 5*h - a = 24, h = -0*a + a + 4. Suppose 182 = 5*d + f + 70, 2*f + 121 = h*d. What is the remainder when 37 is divided by d?
14
Suppose 5*v = -n + 108, -24 = -2*v - 5*n + 10. Suppose 5*h + 5*k = 40, -4*h + 4 + 33 = -k. Calculate the remainder when v is divided by h.
4
What is the remainder when (12/8 - 5226/12)/(-2) is divided by 17?
13
Suppose 2*a + 5*l - 1428 = 0, -654*l = -651*l. Calculate the remainder when a is divided by 4.
2
Let c(b) = b**3 + 3*b**2 - 14*b - 3. Calculate the remainder when c(7) is divided by 28.
25
Let l(n) = n**3 + 34*n**2 - 6*n - 195. Calculate the remainder when 102 is divided by l(-34).
3
Let a be 2/(2/(-4) + 1). Suppose 2*k - 5*r = -4*r + 48, -a*k - r = -96. What is the remainder when k is divided by (-6 + (2 + -22)/(-4))*-13?
11
Calculate the remainder when -10 + 116 + (1 - -3) + 1 is divided by 53.
5
Let y be (6/10)/((-9)/(-3735)). Suppose -4*s - y - 221 = 3*c, -2*c = 4*s + 316. Calculate the remainder when 113 is divided by 1/(-2 + c/(-76)).
37
Let y(g) = g**3 - 9*g**2 - 21*g + 38. Calculate the remainder when 93 is divided by y(11).
44
Let u be (4/(-8))/((-1)/6). Suppose 2*f + 0*f = u*g - 59, 5*g = -f + 94. Let y(l) = l + 1. What is the remainder when g is divided by y(4)?
4
Suppose -y = -4*s - 3, -2*y - 5*s = -0 - 6. Let g be (-2)/9 + 210/(-27). Let c = g + 17. Calculate the remainder when c is divided by y.
0
Let m(a) = -3*a - 3. Let h be m(-2). Suppose -h*g + 11 = -1. Suppose -3*s + 78 = 3*r, g*s - 4*r - 104 = -2*r. What is the remainder when s is divided by 7?
5
Suppose 5*r + 5*j - 145 = 0, 4*j + 23 = 3*r - 36. Calculate the remainder when 97 is divided by r.
22
Suppose 429 = 3*g - 39. Suppose 2*v - 4*x = -0*x + 12, -3*v - 3*x = -9. Calculate the remainder when 24 is divided by g/16 - 3/v.
6
Suppose -8*t + 3*t + 25 = 0. Suppose 2*m - t = r, m - 4 = -4*r - 6. Suppose m*d = 134 + 4. Calculate the remainder when d is divided by 18.
15
Suppose 0 = 68*f - 58*f - 980. What is the remainder when 209 is divided by f?
13
Let h = 128 + -125. Suppose h*y - 16*y = -390. Calculate the remainder when y is divided by 12.
6
Let b be (-12)/42 + (-46)/(-14). Suppose 2*m + 15 = b. What is the remainder when (-53)/(-1) - (9 + m) is divided by 18?
14
Let a(t) = -2*t**2 + 20*t + 27. Calculate the remainder when 98 is divided by a(11).
3
Suppose -30*t - 4*t + 11458 = 0. What is the remainder when t is divided by 17?
14
Let z(f) = -f**2 + 5*f - 6. Let a be z(5). Let r be 1/((a/(-3))/4). Suppose 2*u = -o + 48, 3*u = 3*o + r*u - 109. What is the remainder when o is divided by 10?
8
Let f(i) = 6*i - 4. Let j be f(6). Suppose -5*x + 3*p + j = 0, 16 + 16 = 3*x - 5*p. Suppose 0*c + x*c = 16. What is the remainder when 5 is divided by c?
1
What is the remainder when (-708)/(-15) + (-19)/95 is divided by 30?
17
Let o(h) = 5*h + 20. Calculate the remainder when 29 is divided by o(0).
9
Let f = 205 - 151. Calculate the remainder when 1079 is divided by f.
53
Suppose -6*l + 1024 = 10. What is the remainder when 810/26 - 26/l is divided by 12?
7
Suppose -3*p - 16*p = -114. Calculate the remainder when 121 is divided by p.
1
Suppose -p + 10 = 6. What is the remainder when 69 is divided by (-16)/(5/((-30)/p))?
21
Let c = 55 - 31. Suppose -2*s + 27 = s. Calculate the remainder when c is divided by s.
6
Let l = 591 - 583. What is the remainder when 165 is divided by l?
5
Let z be 4/(-10) + (-234)/15. Let c = -14 - z. Let j(d) = 7*d - 1. What is the remainder when j(1) is divided by c?
0
Calculate the remainder when -18*(-12)/14*182/39 is divided by 28.
16
Suppose -s + 6*s = 0. Let n be (s - 1)*(-27)/(-9). Let o = n - -76. What is the remainder when o is divided by 19?
16
Suppose 2*l - 270 = -0*l. Let o = l + -8. Calculate the remainder when o is divided by 26.
23
Let y(m) = -2*m + 4. Let f(v) = -5*v + 11. Let g(x) = 6*f(x) - 17*y(x). What is the remainder when 114 is divided by g(8)?
24
Let i(f) = f**2 - 28*f + 16. Let x be i(34). Let l = x + -208. Let h(t) = 3*t**2 - t + 3. Calculate the remainder when h(4) is divided by l.
11
Suppose 0 = b + 2*b + 5*m + 121, 88 = -2*b + 4*m. Let h = b + 59. Suppose -h + 59 = 2*i. What is the remainder when 39 is divided by i?
18
Let u = -134 - -224. What is the remainder when u is divided by (-306)/(-10) - (-9)/135*6?
28
Let f(w) = 5*w**2 - 3*w + 5. What is the remainder when 102 is divided by f(1)?
4
Suppose -27*n = -20*n - 245. What is the remainder when 103 is divided by 